ppose 2*s = o + 47. What are the prime factors of s?
31
Let f be -2 - ((-1 - 125) + 1). Let g = -61 + f. What are the prime factors of g?
2, 31
Let w(c) = 35*c**3 + 3*c**2 - 1. Let q be w(-2). Let p = q + 549. What are the prime factors of p?
2, 5, 7
Let v = 29 - 13. Suppose -w - w = -v. Let t = w + 4. What are the prime factors of t?
2, 3
Let p = -41 + 94. What are the prime factors of p?
53
Let h = 2314 + -1646. Suppose w = -3*w + h. Suppose -5*r + 3 + w = 0. List the prime factors of r.
2, 17
Suppose -3*g + 4*g = 16. Let r be (-32)/(-10)*(-10)/(-4). Suppose -r = -t + g. What are the prime factors of t?
2, 3
Suppose -13*p = -4 - 22. Suppose -p*c + 6 = -24. What are the prime factors of c?
3, 5
Suppose 21*u - 186 = -3*s + 18*u, 0 = -5*s - 2*u + 301. What are the prime factors of s?
59
Let p be ((0 + -8)/(-1))/((-17)/(-102)). Suppose 9*o = 15*o - p. List the prime factors of o.
2
Let k = -3 - -21. Suppose 3*x - 108 = -x. Suppose x = p - k. List the prime factors of p.
3, 5
Suppose 33*r = 31*r + 3614. What are the prime factors of r?
13, 139
Suppose -3*a = 3 + 15. Let r be (30/4)/(a/12). List the prime factors of (-40)/r - (-8)/(-12).
2
Suppose -2*q + 256 = 4*t, -4*q + 11*t = 13*t - 524. List the prime factors of q.
2, 3, 11
Let r be 5/(-30) + (-4)/(-24). Suppose r = 15*j - 17*j + 276. List the prime factors of j.
2, 3, 23
Let g = 195 - 90. Suppose -2*n + g - 13 = 0. What are the prime factors of n?
2, 23
Let a = 366 + -93. List the prime factors of a.
3, 7, 13
Let t = 9 - 2. Suppose 8 = -3*v + t*v. List the prime factors of 19/v + 4/8.
2, 5
Suppose -5*m - 10 = 0, 2*s + 21 = -2*m - 157. Let q = s + 148. Suppose 2*j - 5 = q. What are the prime factors of j?
3, 11
Let b(a) = -6*a**2 + 2*a - 2. Let s(k) = -k**2 + 13*k - 18. Let h be s(12). Let g be b(h). What are the prime factors of g/(-8) - 5/(-20)?
29
Suppose -288 = -3*a - a. Suppose -a = -5*s - 5*f - 12, 0 = 4*s + 2*f - 48. What are the prime factors of s/(-66) + (-387)/(-11)?
5, 7
Let w = 1855 - 965. What are the prime factors of w?
2, 5, 89
Let i(d) = -d**2 - 5*d - 12. Let w be i(0). Let s = -7 + 4. List the prime factors of (-17)/(-3)*(s - w).
3, 17
Let w be 1*-1*212*1/4. Let a = w - -59. List the prime factors of a.
2, 3
Let x = 840 - 399. What are the prime factors of x?
3, 7
Suppose -5*o + 30 + 40 = 0. Suppose -5*p - 4*t + 160 = 0, -2*t + o = -p + 46. What are the prime factors of p?
2
Suppose 0 = -6*w - 5*w + 33. Suppose -u + 371 = 2*v, -w*v + 29 = 5*u - 517. What are the prime factors of v?
11, 17
Let h = 66 - 634. List the prime factors of h/12*9/(-6).
71
Let d(c) = 2*c**3 + 6*c**2 + c - 2. Suppose -5*h - 13 = 7. Let f be d(h). Let n = f + 52. List the prime factors of n.
2, 7
Let i(r) = 85*r**3 - r**2. Let k be (0 - (-7 - -4)) + -2. List the prime factors of i(k).
2, 3, 7
Let v(g) = -g**3 - 3*g**2 + 7*g + 5. Let w be v(-4). Let l(s) = -13*s - 38. What are the prime factors of l(w)?
53
Suppose 19 = -11*v + 206. What are the prime factors of v?
17
Suppose -6*u = -2*u - 5*c + 24, -u - 6 = -2*c. Let q be 3 + u + 4 - -3. Suppose 0 = -q*y + 28. What are the prime factors of y?
7
Let g = -108 - -264. What are the prime factors of g?
2, 3, 13
Let r be (8 + -5)/((-4)/(-3) + -1). Let v = 190 + r. List the prime factors of v.
199
Let s(t) = -4 - 5 + 1 - t - 3. Let z be s(-13). Suppose -2*k = -2*m - 10, -z*m - 8 = -0*k - k. What are the prime factors of k?
2
Let u(r) = r**3 - 11*r**2 + 11*r - 4. Let j be u(10). Let y(k) = k**3 - 5*k**2 + 4*k + 4. What are the prime factors of y(j)?
2
Suppose -9*j - 10049 = -13*j + 3*o, 0 = -3*o + 15. List the prime factors of j.
2, 17, 37
Let g be 1 + -3 + 268/1. Let l = g + -135. Suppose -129 = -5*u + l. List the prime factors of u.
2, 13
Suppose 495 = -7*y + 2*y. Let s = 191 - 44. Let v = s + y. List the prime factors of v.
2, 3
Let o = 105 - 100. Let l = o + 171. List the prime factors of l.
2, 11
Let w be (2/((-8)/(-60)))/1. Suppose 5*k - w = -5*r, -3*r + 7 = -2*k + 3. List the prime factors of r/(-7) - 764/(-28).
3
Suppose -3*d - d = -8. Suppose -d*h - 5 = -3*y, -5*h = -3*y - 4 + 3. Suppose y*z - 32 = -z. List the prime factors of z.
2
Suppose -1427 = -11*t + 663. What are the prime factors of t?
2, 5, 19
Suppose r - 2 = -4. Let q = -20 + r. What are the prime factors of 2*3*(-99)/q?
3
Let x(o) = o**3 - o. Let m(a) = -11*a**3 - 6*a**2 + 7*a + 1. Let y(t) = -m(t) - 4*x(t). List the prime factors of y(3).
233
Let m(s) = -32 - 2 - s**3 + 11 + 8*s**2 + 12*s + 8. List the prime factors of m(7).
2, 59
Let z be ((-25)/((-5)/1))/1. Suppose z*n - 9 = 2*n. Suppose -59 = -o - n*j, 2*j - 57 = -o + 2. List the prime factors of o.
59
Let z = -93 + 98. Suppose 0*w + z*o = w - 20, 4*w - 32 = -4*o. What are the prime factors of w?
2, 5
Let x(i) = 3*i**2 + 13*i - 9. Let r(l) = -5*l**2 - 20*l + 14. Let o(h) = -5*r(h) - 8*x(h). Let u be o(6). Let d = 32 - u. What are the prime factors of d?
2, 3
Let k = -171 + 378. List the prime factors of k.
3, 23
Let a = -17 + 26. Suppose -7*i + a*i = -30. List the prime factors of (35/i)/(2/(-24)).
2, 7
List the prime factors of 1276 - (7 - (-100)/(-10)).
1279
Let c = 13 + -6. Let d(g) = 2 + c + 1 + 2*g. What are the prime factors of d(5)?
2, 5
Let v be 2/(-3) + (-205)/(-15). Let g = 13 + v. List the prime factors of g.
2, 13
Suppose -2*p + 15 = 5*z - 0*p, -3*z - 5*p = -9. Suppose 0 = -q - 2*j + 59, -7*q + z*j = -3*q - 225. What are the prime factors of q?
3, 19
Suppose -7 + 306 = p. What are the prime factors of p?
13, 23
Suppose -3*o + 0*l - 5 = 2*l, 4*o - 5*l - 1 = 0. Let d = -4 + o. Let g = 23 + d. What are the prime factors of g?
2, 3
Let j = 67 - 127. Let t = 139 - j. List the prime factors of t.
199
List the prime factors of 7 + (-3)/(-4) + (-54745)/(-20).
3, 5, 61
Suppose -30844 + 136929 = 49*y. List the prime factors of y.
5, 433
Suppose -21*c = 1690 - 7444. List the prime factors of c.
2, 137
Suppose -38 = -j + s, -2*j + 4*s + 72 = -0*s. Let r = j + -15. List the prime factors of r.
5
Let d = 2 + -4. Let a(l) = l**3 + 7*l**2 + 11*l - 7. Let b be a(-5). What are the prime factors of b/4 - (-17 + d)?
2
Suppose 150*m - 129*m = 90174. List the prime factors of m.
2, 19, 113
Suppose -3*b = -3*p - 21, 2*p - 10 = -3*b - b. Suppose 0 = -b*a + 3*a + 6. What are the prime factors of a?
2, 3
Suppose a - 4*a + 12 = 0. Let n(y) = -y**2. Let z(j) = -j. Let k(r) = a*z(r) - n(r). List the prime factors of k(8).
2
List the prime factors of 14 - (-5)/(-1) - -1483.
2, 373
Let o be -37*(4 + 20/(-4)). Suppose 3*t - 2*w - o = 2*w, 2*t - 34 = -2*w. List the prime factors of t.
3, 5
Let r = 11 - 17. List the prime factors of (-609)/(-15) + r/10.
2, 5
Let s(y) = y + 0 + 62*y**3 - 61*y**3 - 7 + 8*y**2. What are the prime factors of s(-5)?
3, 7
What are the prime factors of ((-10842)/4)/(-3) + 57/38?
5, 181
Let j = 22 + -17. Suppose j*a = 4*i - 61, 4*i - a - 2*a - 59 = 0. List the prime factors of i.
2, 7
Suppose -6*z + 12 = -0*z. Suppose -3*a - 2*a - 211 = -3*v, -z*a + 300 = 5*v. What are the prime factors of v?
2, 31
Suppose -12*l + 259 = -5*l. List the prime factors of l.
37
Suppose -2754 - 48351 = 3*o + 5*y, 4*o + 68140 = y. List the prime factors of ((-16)/60)/2 + o/(-75).
227
Let k(m) = -8*m + 10. Let w be k(-7). Let q = w + -39. What are the prime factors of q?
3
Let r = -8 - -8. Suppose 2*q = -4*l - 2*q + 8, 3*l + q - 8 = r. Suppose -l*i + 135 = -2*x + 6*x, -4*x + 132 = 4*i. List the prime factors of x.
2, 3
Suppose -63*c + 18*c = -17100. What are the prime factors of c?
2, 5, 19
Suppose 7*s + 70 = -0*s. Let i = s + 33. What are the prime factors of i?
23
Let v be 3 - 2/(-1) - 2. Suppose 3*r - 615 = -v*i, 3*r - 389 = -2*i + 26. What are the prime factors of i/11 - (-4)/(-22)?
2, 3
Let m = -24 + 11. Let z(h) = 2*h**2 + h**3 + 5*h**2 + 4 + 12*h - 3*h**2 + 10*h**2. List the prime factors of z(m).
17
Let v(q) = -q + 1. Let i(n) = 12*n. Let y(c) = -2*i(c) + 14*v(c). What are the prime factors of y(-4)?
2, 83
Let g(w) = 8*w**2 + 41*w + 86. List the prime factors of g(-9).
5, 73
Let u(k) be the first derivative of -k**4 + k**3 + 3*k**2 - 30. What are the prime factors of u(-3)?
3, 13
Let s(f) = f**2 + 24*f + 19. What are the prime factors of s(-25)?
2, 11
Suppose 5*u - 30 = -5*q, 0 = u - 3*u - 5*q + 21. Suppose 201 = u*i + 69. List the prime factors 